 digit of 4707?
0
What is the units digit of 196?
6
What is the ten thousands digit of 22305?
2
What is the hundreds digit of 2427?
4
What is the tens digit of 2316?
1
What is the tens digit of 8495?
9
What is the ten thousands digit of 74045?
7
What is the hundreds digit of 756?
7
What is the tens digit of 106999?
9
What is the thousands digit of 2228?
2
What is the units digit of 23783?
3
What is the units digit of 10534?
4
What is the hundreds digit of 20491?
4
What is the ten thousands digit of 94234?
9
What is the thousands digit of 13653?
3
What is the thousands digit of 8060?
8
What is the units digit of 14768?
8
What is the tens digit of 3776?
7
What is the hundreds digit of 2500?
5
What is the units digit of 3153?
3
What is the hundreds digit of 73925?
9
What is the hundreds digit of 9228?
2
What is the units digit of 860?
0
What is the units digit of 7846?
6
What is the units digit of 543?
3
What is the ten thousands digit of 42373?
4
What is the thousands digit of 6784?
6
What is the ten thousands digit of 24804?
2
What is the tens digit of 1843?
4
What is the thousands digit of 12044?
2
What is the hundreds digit of 4727?
7
What is the ten thousands digit of 20731?
2
What is the hundreds digit of 272?
2
What is the ten thousands digit of 78424?
7
What is the units digit of 1544?
4
What is the thousands digit of 1121?
1
What is the units digit of 7601?
1
What is the thousands digit of 1357?
1
What is the units digit of 3015?
5
What is the units digit of 1425?
5
What is the units digit of 4536?
6
What is the units digit of 992?
2
What is the hundreds digit of 31621?
6
What is the tens digit of 68022?
2
What is the units digit of 2292?
2
What is the units digit of 954?
4
What is the tens digit of 11735?
3
What is the thousands digit of 3613?
3
What is the units digit of 934?
4
What is the units digit of 3250?
0
What is the units digit of 1443?
3
What is the tens digit of 2659?
5
What is the hundreds digit of 2112?
1
What is the ten thousands digit of 106055?
0
What is the units digit of 4174?
4
What is the units digit of 2093?
3
What is the thousands digit of 1126?
1
What is the hundreds digit of 10427?
4
What is the hundreds digit of 2366?
3
What is the hundreds digit of 7424?
4
What is the hundreds digit of 274?
2
What is the units digit of 1355?
5
What is the thousands digit of 5795?
5
What is the thousands digit of 12734?
2
What is the hundreds digit of 68491?
4
What is the units digit of 79033?
3
What is the thousands digit of 26989?
6
What is the hundreds digit of 63644?
6
What is the thousands digit of 6587?
6
What is the tens digit of 43?
4
What is the tens digit of 2274?
7
What is the thousands digit of 1696?
1
What is the tens digit of 4232?
3
What is the units digit of 838?
8
What is the units digit of 80993?
3
What is the hundred thousands digit of 106918?
1
What is the ten thousands digit of 62683?
6
What is the hundreds digit of 1702?
7
What is the thousands digit of 16130?
6
What is the units digit of 666?
6
What is the units digit of 7355?
5
What is the units digit of 6273?
3
What is the units digit of 12694?
4
What is the tens digit of 37126?
2
What is the ten thousands digit of 44058?
4
What is the hundreds digit of 13397?
3
What is the thousands digit of 53008?
3
What is the thousands digit of 31791?
1
What is the tens digit of 737?
3
What is the hundreds digit of 12760?
7
What is the units digit of 133?
3
What is the units digit of 12772?
2
What is the units digit of 26718?
8
What is the units digit of 1577?
7
What is the hundreds digit of 3597?
5
What is the units digit of 5112?
2
What is the units digit of 51592?
2
What is the hundreds digit of 1446?
4
What is the tens digit of 6077?
7
What is the units digit of 109306?
6
What is the tens digit of 5032?
3
What is the hundreds digit of 2550?
5
What is the units digit of 1654?
4
What is the units digit of 6991?
1
What is the units digit of 38159?
9
What is the units digit of 11280?
0
What is the units digit of 10022?
2
What is the tens digit of 38025?
2
What is the tens digit of 11843?
4
What is the hundreds digit of 951?
9
What is the thousands digit of 1703?
1
What is the hundreds digit of 726?
7
What is the tens digit of 2838?
3
What is the hundreds digit of 524?
5
What is the tens digit of 22869?
6
What is the hundreds digit of 186?
1
What is the units digit of 4055?
5
What is the hundreds digit of 911?
9
What is the units digit of 1279?
9
What is the hundreds digit of 10594?
5
What is the units digit of 9101?
1
What is the thousands digit of 1491?
1
What is the tens digit of 8164?
6
What is the ten thousands digit of 61442?
6
What is the units digit of 1511?
1
What is the tens digit of 758?
5
What is the tens digit of 3018?
1
What is the hundreds digit of 100?
1
What is the hundreds digit of 178325?
3
What is the tens digit of 6539?
3
What is the tens digit of 5899?
9
What is the thousands digit of 4126?
4
What is the thousands digit of 32503?
2
What is the ten thousands digit of 29230?
2
What is the units digit of 289?
9
What is the hundreds digit of 1750?
7
What is the thousands digit of 109276?
9
What is the tens digit of 90?
9
What is the hundreds digit of 3006?
0
What is the thousands digit of 25256?
5
What is the tens digit of 2290?
9
What is the hundreds digit of 966?
9
What is the tens digit of 1046?
4
What is the hundreds digit of 15066?
0
What is the thousands digit of 3292?
3
What is the hundreds digit of 138587?
5
What is the thousands digit of 29025?
9
What is the thousands digit of 11699?
1
What is the tens digit of 2340?
4
What is the tens digit of 1032?
3
What is the ten thousands digit of 44359?
4
What is the units digit of 4556?
6
What is the hundreds digit of 1744?
7
What is the thousands digit of 9495?
9
What is the units digit of 15855?
5
What is the tens digit of 872?
7
What is the thousands digit of 44433?
4
What is the tens digit of 1576?
7
What is the tens digit of 940?
4
What is the thousands digit of 139786?
9
What is the ten thousands digit of 130055?
3
What is the units digit of 2374?
4
What is the tens digit of 810?
1
What is the tens digit of 963?
6
What is the thousands digit of 7251?
7
What is the ten thousands digit of 73614?
7
What is the tens digit of 3402?
0
What is the hundreds digit of 68702?
7
What is the tens digit of 28961?
6
What is the hundreds digit of 170?
1
What is the tens digit of 5995?
9
What is the hundreds digit of 2859?
8
What is the ten thousands digit of 29825?
2
What is the hundreds digit of 32113?
1
What is the units digit of 187?
7
What is the tens digit of 4207?
0
What is the hundreds digit of 1556?
5
What is the hundreds digit of 2178?
1
What is the hundreds digit of 1508?
5
What is the hundreds digit of 738?
7
What is the thousands digit of 29922?
9
What is the tens digit of 167?
6
What is the units digit of 750?
0
What is the units digit of 22216?
6
What is the ten thousands digit of 15664?
1
What is the tens digit of 7576?
7
What is the thousands digit of 4277?
4
What is the ten thousands digit of 15706?
1
What is the units digit of 15149?
9
What is the units digit of 4191?
1
What is the hundreds digit of 206?
2
What is the tens digit of 2591?
9
What is the hundreds digit of 5752?
7
What is the units digit of 16232?
2
What is the tens digit of 10602?
0
What is the units digit of 5657?
7
What is the hundreds digit of 31867?
8
What is the thousands digit of 1141?
1
What is the hundreds digit of 968?
9
What is the hundreds digit of 777?
7
What is the units digit of 2745?
5
What is the units digit of 43335?
5
What is the ten thousands digit of 76262?
7
What is the tens digit of 56833?
3
What is the units digit of 3584?
4
What is the units digit of 17274?
4
What is the thousands digit of 3936?
3
What is the units digit of 1486?
6
What is the units digit of 13960?
0
What is the hundreds digit of 912?
9
What is the tens digit of 33201?
0
What is the units digit of 1742?
2
What is the hundreds digit of 7957?
9
What is the tens digit of 976?
7
What is the thousands digit of 1327?
1
What is the units digit of 1079?
9
What is the hundreds digit of 1257?
2
What is the hundreds digit of 4596?
5
What is the hundreds digit of 2163?
1
What is the thousands digit of 1970?
1
What is the thousands digit of 4524?